440166?
True
Is 276 a factor of 308326500?
True
Does 3834 divide 184453740?
True
Does 6 divide 237240?
True
Is 1307 a factor of 1523508292?
False
Does 81 divide 32767011?
True
Is 63 a factor of 1925861722?
False
Is 6 a factor of 73547232?
True
Is 13764258 a multiple of 748?
False
Is 176407020 a multiple of 190?
True
Does 18 divide 162387432?
True
Does 239 divide 95358610?
True
Is 527105404 a multiple of 37?
True
Is 109 a factor of 23690942?
False
Does 3 divide 3144673?
False
Is 540 a factor of 258103298?
False
Is 2195 a factor of 257714950?
True
Is 1394340241 a multiple of 73?
False
Is 661797926 a multiple of 21?
False
Is 37480116 a multiple of 372?
True
Does 3 divide 34226121?
True
Does 8 divide 5932927?
False
Is 36 a factor of 147984948?
True
Is 8 a factor of 132262600?
True
Is 190 a factor of 276900348?
False
Does 92 divide 21419348?
True
Does 90 divide 43390436?
False
Is 1374244473 a multiple of 7?
True
Is 1108172365 a multiple of 111?
False
Is 560 a factor of 123344480?
True
Is 1024526897 a multiple of 578?
False
Is 3084437 a multiple of 46?
False
Is 10 a factor of 122731850?
True
Is 5976587 a multiple of 15?
False
Is 566 a factor of 2712471798?
True
Is 45785450 a multiple of 775?
True
Is 1418053539 a multiple of 393?
False
Does 1827 divide 85443309?
True
Is 124 a factor of 156701404?
True
Is 19 a factor of 800492320?
False
Is 59 a factor of 108880735?
False
Is 1478601040 a multiple of 560?
True
Does 17 divide 110464590?
False
Is 58 a factor of 397582219?
False
Is 322266508 a multiple of 356?
True
Is 967205 a multiple of 14?
False
Is 1668631354 a multiple of 477?
False
Is 15 a factor of 479704770?
True
Does 58 divide 640209104?
True
Does 667 divide 5947639?
True
Does 8 divide 17120864?
True
Does 66 divide 32615748?
True
Is 82202113 a multiple of 5?
False
Is 18255355 a multiple of 401?
False
Is 519037302 a multiple of 203?
True
Is 225 a factor of 34033466?
False
Is 2029532 a multiple of 61?
False
Does 43 divide 157810860?
True
Is 14 a factor of 2042666?
False
Is 3 a factor of 7088885?
False
Does 11 divide 11387417?
False
Is 4 a factor of 53668108?
True
Is 28 a factor of 816540930?
False
Does 44 divide 26732684?
True
Does 125 divide 193077500?
True
Is 1872472460 a multiple of 358?
True
Is 13 a factor of 1150942364?
True
Is 80056238 a multiple of 23?
True
Is 26864461 a multiple of 670?
False
Does 10 divide 48175670?
True
Is 49 a factor of 10499622?
True
Is 94 a factor of 4390176?
True
Is 202034785 a multiple of 763?
False
Does 60 divide 188172021?
False
Is 4164185150 a multiple of 115?
False
Is 85 a factor of 143669871?
False
Does 437 divide 14739392?
False
Does 1030 divide 1396959130?
True
Is 464263472 a multiple of 17?
True
Does 3363 divide 166601060?
False
Is 12 a factor of 455001445?
False
Is 103 a factor of 60959726?
True
Does 2359 divide 1981961030?
True
Does 1382 divide 27818292?
False
Is 30 a factor of 107024988?
False
Is 835559774 a multiple of 506?
False
Is 8823360 a multiple of 10?
True
Is 534000 a multiple of 178?
True
Is 118414652 a multiple of 37?
True
Is 19142664 a multiple of 7?
False
Is 43 a factor of 47466681?
False
Does 3 divide 5458335?
True
Is 202197755 a multiple of 6253?
False
Is 6993551 a multiple of 8?
False
Is 384 a factor of 10537418?
False
Is 132744160 a multiple of 6595?
True
Is 102461784 a multiple of 6?
True
Does 855 divide 59879925?
True
Is 2239275132 a multiple of 12?
True
Is 19 a factor of 1651489113?
False
Is 6 a factor of 190514469?
False
Is 298081614 a multiple of 6?
True
Is 245423072 a multiple of 37?
True
Is 22020737 a multiple of 175?
False
Is 63805233 a multiple of 17?
True
Is 387475957 a multiple of 175?
False
Is 4 a factor of 10162136?
True
Is 157273398 a multiple of 18?
True
Is 24738286 a multiple of 1365?
False
Is 175 a factor of 705507075?
True
Is 585655930 a multiple of 7?
False
Does 27 divide 3415898277?
True
Does 342 divide 16283831?
False
Does 921 divide 1103358?
True
Is 1542003724 a multiple of 4?
True
Does 9 divide 387329580?
True
Does 775 divide 106517550?
True
Does 383 divide 1462229656?
True
Is 6109691680 a multiple of 1402?
True
Does 5392 divide 637382928?
True
Is 83 a factor of 131172204?
True
Is 89250181 a multiple of 342?
False
Is 2028 a factor of 1438192153?
False
Is 825822720 a multiple of 2304?
True
Does 2369 divide 31453088?
False
Is 15804700 a multiple of 44?
False
Is 3119 a factor of 25018249?
False
Does 772 divide 1572564?
True
Is 15998724 a multiple of 12?
True
Is 363 a factor of 841845279?
True
Is 149 a factor of 1129436398?
False
Is 10 a factor of 24157285?
False
Is 76 a factor of 14173543?
False
Is 3849300208 a multiple of 221?
True
Is 132023014 a multiple of 97?
True
Is 13 a factor of 1024218?
True
Is 472797938 a multiple of 183?
False
Does 28 divide 26344104?
False
Is 484 a factor of 1890578052?
True
Is 10 a factor of 6615293?
False
Is 70502103 a multiple of 63?
True
Does 1115 divide 11310560?
True
Does 3455 divide 348391835?
True
Is 1937747360 a multiple of 10?
True
Is 11526732 a multiple of 378?
True
Is 26689233 a multiple of 25?
False
Does 1586 divide 471674690?
False
Is 704132975 a multiple of 13?
True
Is 591420 a multiple of 60?
True
Is 28291918 a multiple of 1234?
True
Is 2009 a factor of 145803175?
True
Does 62 divide 56884145?
False
Is 45 a factor of 119900908?
False
Does 2725 divide 95362134?
False
Is 82 a factor of 129151216?
False
Is 193 a factor of 229100071?
True
Does 105 divide 1427282?
False
Is 19515836 a multiple of 7?
False
Is 87355179 a multiple of 57?
True
Is 74 a factor of 122487390?
True
Is 989 a factor of 8787265?
True
Does 11 divide 11129472?
False
Is 3 a factor of 1666962?
True
Is 3 a factor of 339260606?
False
Is 43 a factor of 371257614?
True
Does 244 divide 919617466?
False
Does 18 divide 1691784?
True
Is 77636478 a multiple of 6?
True
Does 14 divide 503638785?
False
Does 133 divide 26576725?
True
Is 222 a factor of 37308663?
False
Does 54 divide 481180608?
True
Is 69 a factor of 192842649?
True
Does 2039 divide 327706041?
True
Is 2856968588 a multiple of 44?
False
Is 926504628 a multiple of 3164?
True
Does 7 divide 300880403?
False
Is 443 a factor of 14303847?
False
Does 561 divide 65981454?
True
Is 982302234 a multiple of 6?
True
Does 1163 divide 6578871?
False
Is 111694024 a multiple of 26?
True
Does 2289 divide 37095534?
True
Is 35117604 a multiple of 24?
False
Does 907 divide 141401300?
True
Is 3445 a factor of 2275990681?
False
Is 19973056 a multiple of 9?
False
Is 489 a factor of 25409418?
True
Does 1737 divide 18830817?
True
Does 50 divide 96682153?
False
Is 5 a factor of 8755947?
False
Is 5412176 a multiple of 20?
False
Is 26 a factor of 30627168?
True
Is 20649880 a multiple of 10?
True
Is 315501506 a multiple of 2731?
True
Is 375 a factor of 519379500?
True
Does 1010 divide 122956709?
False
Is 32 a factor of 631153120?
True
Does 8071 divide 2836714370?
True
Is 250178810 a multiple of 245?
True
Does 19 divide 456843962?
False
Is 111 a factor of 82258215?
True
Is 57 a factor of 1329103941?
True
Is 55302580 a multiple of 46?
True
Does 150 divide 10052789?
False
Is 67 a factor of 144308907?
False
Is 419 a factor of 100343392?
False
Is 119 a factor of 394926966?
True
Is 1328 a factor of 5562449?
False
Is 345440349 a multiple of 88?
False
Is 382 a factor of 174887185?
False
Is 1088349734 a multiple of 482?
True
Is 8985240 a multiple of 33?
True
Is 6 a factor of 249894264?
True
Does 240 divide 91973280?
True
Is 62 a factor of 128186377?
False
Is 16 a factor of 1458714768?
True
Does 5812 divide 6242314668?
True
Is 67 a factor of 29343789?
True
Does 1163 divide 164779655?
True
Is 575 a factor of 29619400?
True
Is 6 a factor of 43639296?
True
Does 14 divide 58101336?
False
Is 1050257 a multiple of 13?
True
Is 15803460 a multiple of 20?
True
Is 62788236 a multiple of 38?
True
Is 819888361 a multiple of 4313?
True
Is 41511144 a multiple of 34?
True
Is 3990 a factor of 57304380?
True
Does 18 divide 396865215?
False
Is 107244759 even?
False
Is 2401377 a multiple of 27?
False
Is 5470 a factor of 487973230?
True
Is 3563 a factor of 209714617?
True
Is 61691466 a multiple of 164?
False
Is 218 a factor of 124741562?
True
Does 5 divide 5033365?
True
Does 22 divide 721849885?
False
Is 4 a factor of 32073056?
True
Is 33022458 a multiple of 18?
True
Is